{"id":2814,"date":"2020-07-25T23:34:00","date_gmt":"2020-07-26T02:34:00","guid":{"rendered":"https:\/\/bannerpedia.com\/?page_id=2814"},"modified":"2022-11-15T15:12:10","modified_gmt":"2022-11-15T18:12:10","slug":"ubnregistry","status":"publish","type":"page","link":"https:\/\/bannerpedia.com\/index.php\/ubnregistry\/","title":{"rendered":"UBNREGISTRY"},"content":{"rendered":"\t\t<div data-elementor-type=\"wp-page\" data-elementor-id=\"2814\" class=\"elementor elementor-2814\" data-elementor-post-type=\"page\">\n\t\t\t\t\t\t<section class=\"elementor-section elementor-top-section elementor-element elementor-element-9a10fae elementor-section-boxed elementor-section-height-default elementor-section-height-default\" data-id=\"9a10fae\" data-element_type=\"section\" data-settings=\"{&quot;background_background&quot;:&quot;classic&quot;}\">\n\t\t\t\t\t\t<div class=\"elementor-container elementor-column-gap-default\">\n\t\t\t\t\t<div class=\"elementor-column elementor-col-100 elementor-top-column elementor-element elementor-element-2770758\" data-id=\"2770758\" data-element_type=\"column\">\n\t\t\t<div class=\"elementor-widget-wrap elementor-element-populated\">\n\t\t\t\t\t\t<div class=\"elementor-element elementor-element-618366e elementor-widget elementor-widget-image\" data-id=\"618366e\" data-element_type=\"widget\" data-widget_type=\"image.default\">\n\t\t\t\t<div class=\"elementor-widget-container\">\n\t\t\t\t\t\t\t\t\t\t\t\t\t<img fetchpriority=\"high\" decoding=\"async\" width=\"300\" height=\"300\" src=\"https:\/\/bannerpedia.com\/wp-content\/uploads\/2020\/07\/LOGO-UBN.png\" class=\"attachment-full size-full wp-image-2912\" alt=\"\" srcset=\"https:\/\/bannerpedia.com\/wp-content\/uploads\/2020\/07\/LOGO-UBN.png 300w, https:\/\/bannerpedia.com\/wp-content\/uploads\/2020\/07\/LOGO-UBN-150x150.png 150w\" sizes=\"(max-width: 300px) 100vw, 300px\" \/>\t\t\t\t\t\t\t\t\t\t\t\t\t<\/div>\n\t\t\t\t<\/div>\n\t\t\t\t\t<\/div>\n\t\t<\/div>\n\t\t\t\t\t<\/div>\n\t\t<\/section>\n\t\t\t\t<section class=\"elementor-section elementor-top-section elementor-element elementor-element-19429d1 elementor-section-content-middle elementor-section-boxed elementor-section-height-default elementor-section-height-default\" data-id=\"19429d1\" data-element_type=\"section\" data-settings=\"{&quot;background_background&quot;:&quot;classic&quot;}\">\n\t\t\t\t\t\t\t<div class=\"elementor-background-overlay\"><\/div>\n\t\t\t\t\t\t\t<div class=\"elementor-container elementor-column-gap-no\">\n\t\t\t\t\t<div class=\"elementor-column elementor-col-100 elementor-top-column elementor-element elementor-element-6dfc23f\" data-id=\"6dfc23f\" data-element_type=\"column\">\n\t\t\t<div class=\"elementor-widget-wrap elementor-element-populated\">\n\t\t\t\t\t\t<div class=\"elementor-element elementor-element-da70a73 elementor-view-default elementor-position-top elementor-mobile-position-top elementor-widget elementor-widget-icon-box\" data-id=\"da70a73\" data-element_type=\"widget\" data-widget_type=\"icon-box.default\">\n\t\t\t\t<div class=\"elementor-widget-container\">\n\t\t\t\t\t<div class=\"elementor-icon-box-wrapper\">\n\n\t\t\t\t\t\t<div class=\"elementor-icon-box-icon\">\n\t\t\t\t<span  class=\"elementor-icon elementor-animation-\">\n\t\t\t\t<i aria-hidden=\"true\" class=\"fas fa-award\"><\/i>\t\t\t\t<\/span>\n\t\t\t<\/div>\n\t\t\t\n\t\t\t\t\t\t<div class=\"elementor-icon-box-content\">\n\n\t\t\t\t\t\t\t\t\t<h4 class=\"elementor-icon-box-title\">\n\t\t\t\t\t\t<span  >\n\t\t\t\t\t\t\tUNITED BULLY NATION\t\t\t\t\t\t<\/span>\n\t\t\t\t\t<\/h4>\n\t\t\t\t\n\t\t\t\t\t\t\t\t\t<p class=\"elementor-icon-box-description\">\n\t\t\t\t\t\tUBN\t\t\t\t\t<\/p>\n\t\t\t\t\n\t\t\t<\/div>\n\t\t\t\n\t\t<\/div>\n\t\t\t\t<\/div>\n\t\t\t\t<\/div>\n\t\t\t\t<div class=\"elementor-element elementor-element-edfef91 elementor-widget elementor-widget-text-editor\" data-id=\"edfef91\" data-element_type=\"widget\" data-widget_type=\"text-editor.default\">\n\t\t\t\t<div class=\"elementor-widget-container\">\n\t\t\t\t\t\t\t<p>La historia dicen que se repite, siempre he sido uno de los que dicen que sin cambios nunca habr\u00e1 un futuro y es por eso que UBN se cre\u00f3 a lo largo de los a\u00f1os. He sido un gran entusiasta de la raza Bull, De bull terriers como Spud McKenzie y el difunto sergeant stubby un American Pit bull Terrier que salv\u00f3 a cientos de soldados y civiles. Al crecer en el Bronx hab\u00eda algunas razas que se encontraban en todos los vecindarios, como Rottweiler, Doberman pincher, bullterrier, AMERICAN Stafford shire terrier y American Pit bull Terrier. Todas estas razas son perros fenomenales o, como podemos decir, el mejor amigo del hombre, pero uno se destac\u00f3 para m\u00ed y ese fue el pit bull terrier AMERICANO, la raza en s\u00ed misma es incre\u00edble, literalmente. Un perro intr\u00e9pido pero con medios que los acusan falsamente a esta raza por todos los rasgos negativos que se vinculaban con la raza. Es obvio mencionar que los medios no responsabilizaban a las personas por sus acciones y simplemente culpaban a la raza en su conjunto. Hab\u00eda algo que deb\u00eda hacerse. A mis padres no les gustaba que obtuviera un Pit bull terrier solo por los medios de comunicaci\u00f3n, a medida que crec\u00eda y finalmente consegu\u00ed mi propio departamento en el Bronx, sabia que ten\u00eda que conseguir uno y lo hice. Lo triste fue que obtuve uno cuando me robaron el apartamento por ser considerado carne fresca en el vecindario, aunque manej\u00e9 la situaci\u00f3n, no pod\u00eda permitir que volviera a ocurrir, as\u00ed que fui a Craigslist y la encontr\u00e9.<\/p>\t\t\t\t\t\t<\/div>\n\t\t\t\t<\/div>\n\t\t\t\t<div class=\"elementor-element elementor-element-5b7caa2 elementor-arrows-position-inside elementor-pagination-position-outside elementor-widget elementor-widget-image-carousel\" data-id=\"5b7caa2\" data-element_type=\"widget\" data-settings=\"{&quot;slides_to_show&quot;:&quot;3&quot;,&quot;image_spacing_custom&quot;:{&quot;unit&quot;:&quot;px&quot;,&quot;size&quot;:10,&quot;sizes&quot;:[]},&quot;navigation&quot;:&quot;both&quot;,&quot;autoplay&quot;:&quot;yes&quot;,&quot;pause_on_hover&quot;:&quot;yes&quot;,&quot;pause_on_interaction&quot;:&quot;yes&quot;,&quot;autoplay_speed&quot;:5000,&quot;infinite&quot;:&quot;yes&quot;,&quot;speed&quot;:500,&quot;image_spacing_custom_tablet&quot;:{&quot;unit&quot;:&quot;px&quot;,&quot;size&quot;:&quot;&quot;,&quot;sizes&quot;:[]},&quot;image_spacing_custom_mobile&quot;:{&quot;unit&quot;:&quot;px&quot;,&quot;size&quot;:&quot;&quot;,&quot;sizes&quot;:[]}}\" data-widget_type=\"image-carousel.default\">\n\t\t\t\t<div class=\"elementor-widget-container\">\n\t\t\t\t\t<div class=\"elementor-image-carousel-wrapper swiper\" dir=\"ltr\">\n\t\t\t<div class=\"elementor-image-carousel swiper-wrapper\" aria-live=\"off\">\n\t\t\t\t\t\t\t\t<div class=\"swiper-slide\" role=\"group\" aria-roledescription=\"slide\" aria-label=\"1 of 4\"><figure class=\"swiper-slide-inner\"><img decoding=\"async\" class=\"swiper-slide-image\" src=\"https:\/\/bannerpedia.com\/wp-content\/uploads\/2020\/07\/FB_IMG_1595485812983-300x225.jpg\" alt=\"UBN\" \/><\/figure><\/div><div class=\"swiper-slide\" role=\"group\" aria-roledescription=\"slide\" aria-label=\"2 of 4\"><figure class=\"swiper-slide-inner\"><img decoding=\"async\" class=\"swiper-slide-image\" src=\"https:\/\/bannerpedia.com\/wp-content\/uploads\/2020\/07\/FB_IMG_1595485459737-300x200.jpg\" alt=\"UBN\" \/><\/figure><\/div><div class=\"swiper-slide\" role=\"group\" aria-roledescription=\"slide\" aria-label=\"3 of 4\"><figure class=\"swiper-slide-inner\"><img decoding=\"async\" class=\"swiper-slide-image\" src=\"https:\/\/bannerpedia.com\/wp-content\/uploads\/2020\/07\/FB_IMG_1595485600192-300x233.jpg\" alt=\"UBN\" \/><\/figure><\/div><div class=\"swiper-slide\" role=\"group\" aria-roledescription=\"slide\" aria-label=\"4 of 4\"><figure class=\"swiper-slide-inner\"><img decoding=\"async\" class=\"swiper-slide-image\" src=\"https:\/\/bannerpedia.com\/wp-content\/uploads\/2020\/07\/FB_IMG_1595485697230-300x300.jpg\" alt=\"FB_IMG_1595485697230\" \/><\/figure><\/div>\t\t\t<\/div>\n\t\t\t\t\t\t\t\t\t\t\t\t<div class=\"elementor-swiper-button elementor-swiper-button-prev\" role=\"button\" tabindex=\"0\">\n\t\t\t\t\t\t<i aria-hidden=\"true\" class=\"eicon-chevron-left\"><\/i>\t\t\t\t\t<\/div>\n\t\t\t\t\t<div class=\"elementor-swiper-button elementor-swiper-button-next\" role=\"button\" tabindex=\"0\">\n\t\t\t\t\t\t<i aria-hidden=\"true\" class=\"eicon-chevron-right\"><\/i>\t\t\t\t\t<\/div>\n\t\t\t\t\n\t\t\t\t\t\t\t\t\t<div class=\"swiper-pagination\"><\/div>\n\t\t\t\t\t\t\t\t\t<\/div>\n\t\t\t\t<\/div>\n\t\t\t\t<\/div>\n\t\t\t\t<div class=\"elementor-element elementor-element-b485bcb elementor-widget elementor-widget-text-editor\" data-id=\"b485bcb\" data-element_type=\"widget\" data-widget_type=\"text-editor.default\">\n\t\t\t\t<div class=\"elementor-widget-container\">\n\t\t\t\t\t\t\t<p>Puedes preguntar qui\u00e9n es ella, pero te digo qui\u00e9n era, su nombre: era un jetta, un ojo verde jade rojo atigrado, una hembra americana de pitbull terrier que se llev\u00f3 mi coraz\u00f3n como ning\u00fan otro. Lo que este perro me hizo siempre y para siempre cambiar\u00e1 mi perspectiva sobre esta raza. Te digo que no hay tal cosa como un perro malo, solo malos due\u00f1os y Jetta lo demuestra. El compa\u00f1ero m\u00e1s leal que tuve fue en cuatro patas. Aunque no estaba en el camino correcto en ese momento, donde quiera que fui, Jetta vino y estaba dispuesto a complacerme con su actitud intr\u00e9pida. A\u00f1os despu\u00e9s perd\u00ed a Jetta. Pero hab\u00eda una nueva raza en erupci\u00f3n en la ciudad y estos perros parec\u00edan algo as\u00ed como una pel\u00edcula animada. Esta raza se llamaba AMERICAN BULLY. Obtuve mi primer Bully en 2010, su nombre era artillero de un vecino que part\u00eda hacia el Ej\u00e9rcito, y el artillero se ve\u00eda incre\u00edble, era de un azul s\u00f3lido con ojos azules y rasgado como un personaje de dibujos animados. Luego vi el movimiento de los criadores en todas partes tratando de crear una raza con similitudes del American Pit bull Terrier sin el estigma del lado malo de la raza y lo hicieron su llamado American Bully.<\/p>\t\t\t\t\t\t<\/div>\n\t\t\t\t<\/div>\n\t\t\t\t<div class=\"elementor-element elementor-element-4674848 elementor-arrows-position-inside elementor-pagination-position-outside elementor-widget elementor-widget-image-carousel\" data-id=\"4674848\" data-element_type=\"widget\" data-settings=\"{&quot;slides_to_show&quot;:&quot;3&quot;,&quot;slides_to_scroll&quot;:&quot;2&quot;,&quot;image_spacing_custom&quot;:{&quot;unit&quot;:&quot;px&quot;,&quot;size&quot;:15,&quot;sizes&quot;:[]},&quot;navigation&quot;:&quot;both&quot;,&quot;autoplay&quot;:&quot;yes&quot;,&quot;pause_on_hover&quot;:&quot;yes&quot;,&quot;pause_on_interaction&quot;:&quot;yes&quot;,&quot;autoplay_speed&quot;:5000,&quot;infinite&quot;:&quot;yes&quot;,&quot;speed&quot;:500,&quot;image_spacing_custom_tablet&quot;:{&quot;unit&quot;:&quot;px&quot;,&quot;size&quot;:&quot;&quot;,&quot;sizes&quot;:[]},&quot;image_spacing_custom_mobile&quot;:{&quot;unit&quot;:&quot;px&quot;,&quot;size&quot;:&quot;&quot;,&quot;sizes&quot;:[]}}\" data-widget_type=\"image-carousel.default\">\n\t\t\t\t<div class=\"elementor-widget-container\">\n\t\t\t\t\t<div class=\"elementor-image-carousel-wrapper swiper\" dir=\"ltr\">\n\t\t\t<div class=\"elementor-image-carousel swiper-wrapper\" aria-live=\"off\">\n\t\t\t\t\t\t\t\t<div class=\"swiper-slide\" role=\"group\" aria-roledescription=\"slide\" aria-label=\"1 of 3\"><figure class=\"swiper-slide-inner\"><img decoding=\"async\" class=\"swiper-slide-image\" src=\"https:\/\/bannerpedia.com\/wp-content\/uploads\/2020\/07\/FB_IMG_1595485415481-e1596066971426.jpg\" alt=\"FB_IMG_1595485415481\" \/><\/figure><\/div><div class=\"swiper-slide\" role=\"group\" aria-roledescription=\"slide\" aria-label=\"2 of 3\"><figure class=\"swiper-slide-inner\"><img decoding=\"async\" class=\"swiper-slide-image\" src=\"https:\/\/bannerpedia.com\/wp-content\/uploads\/2020\/07\/FB_IMG_1595485825467-e1596066952684.jpg\" alt=\"FB_IMG_1595485825467\" \/><\/figure><\/div><div class=\"swiper-slide\" role=\"group\" aria-roledescription=\"slide\" aria-label=\"3 of 3\"><figure class=\"swiper-slide-inner\"><img decoding=\"async\" class=\"swiper-slide-image\" src=\"https:\/\/bannerpedia.com\/wp-content\/uploads\/2020\/07\/FB_IMG_1595485630860-e1596066924889.jpg\" alt=\"UBN\" \/><\/figure><\/div>\t\t\t<\/div>\n\t\t\t\t\t\t\t\t\t\t\t\t<div class=\"elementor-swiper-button elementor-swiper-button-prev\" role=\"button\" tabindex=\"0\">\n\t\t\t\t\t\t<i aria-hidden=\"true\" class=\"eicon-chevron-left\"><\/i>\t\t\t\t\t<\/div>\n\t\t\t\t\t<div class=\"elementor-swiper-button elementor-swiper-button-next\" role=\"button\" tabindex=\"0\">\n\t\t\t\t\t\t<i aria-hidden=\"true\" class=\"eicon-chevron-right\"><\/i>\t\t\t\t\t<\/div>\n\t\t\t\t\n\t\t\t\t\t\t\t\t\t<div class=\"swiper-pagination\"><\/div>\n\t\t\t\t\t\t\t\t\t<\/div>\n\t\t\t\t<\/div>\n\t\t\t\t<\/div>\n\t\t\t\t\t<\/div>\n\t\t<\/div>\n\t\t\t\t\t<\/div>\n\t\t<\/section>\n\t\t\t\t<section class=\"elementor-section elementor-top-section elementor-element elementor-element-f144c5b elementor-section-boxed elementor-section-height-default elementor-section-height-default\" data-id=\"f144c5b\" data-element_type=\"section\" data-settings=\"{&quot;background_background&quot;:&quot;classic&quot;}\">\n\t\t\t\t\t\t<div class=\"elementor-container elementor-column-gap-default\">\n\t\t\t\t\t<div class=\"elementor-column elementor-col-100 elementor-top-column elementor-element elementor-element-d9e590a\" data-id=\"d9e590a\" data-element_type=\"column\">\n\t\t\t<div class=\"elementor-widget-wrap elementor-element-populated\">\n\t\t\t\t\t\t<div class=\"elementor-element elementor-element-a438822 elementor-widget elementor-widget-heading\" data-id=\"a438822\" data-element_type=\"widget\" data-widget_type=\"heading.default\">\n\t\t\t\t<div class=\"elementor-widget-container\">\n\t\t\t<h2 class=\"elementor-heading-title elementor-size-default\">REDES SOCIALES DE UBN<\/h2>\t\t<\/div>\n\t\t\t\t<\/div>\n\t\t\t\t<div class=\"elementor-element elementor-element-a139989 elementor-shape-circle elementor-grid-0 e-grid-align-center elementor-widget elementor-widget-social-icons\" data-id=\"a139989\" data-element_type=\"widget\" data-widget_type=\"social-icons.default\">\n\t\t\t\t<div class=\"elementor-widget-container\">\n\t\t\t\t\t<div class=\"elementor-social-icons-wrapper elementor-grid\">\n\t\t\t\t\t\t\t<span class=\"elementor-grid-item\">\n\t\t\t\t\t<a class=\"elementor-icon elementor-social-icon elementor-social-icon-facebook elementor-repeater-item-4752234\" href=\"https:\/\/www.facebook.com\/groups\/united.bully.nation\/?ref=share\" target=\"_blank\">\n\t\t\t\t\t\t<span class=\"elementor-screen-only\">Facebook<\/span>\n\t\t\t\t\t\t<i class=\"fab fa-facebook\"><\/i>\t\t\t\t\t<\/a>\n\t\t\t\t<\/span>\n\t\t\t\t\t\t\t<span class=\"elementor-grid-item\">\n\t\t\t\t\t<a class=\"elementor-icon elementor-social-icon elementor-social-icon-instagram elementor-repeater-item-5a0e73a\" href=\"https:\/\/www.instagram.com\/unitedbullynationregistry\/\" target=\"_blank\">\n\t\t\t\t\t\t<span class=\"elementor-screen-only\">Instagram<\/span>\n\t\t\t\t\t\t<i class=\"fab fa-instagram\"><\/i>\t\t\t\t\t<\/a>\n\t\t\t\t<\/span>\n\t\t\t\t\t<\/div>\n\t\t\t\t<\/div>\n\t\t\t\t<\/div>\n\t\t\t\t\t<\/div>\n\t\t<\/div>\n\t\t\t\t\t<\/div>\n\t\t<\/section>\n\t\t\t\t<\/div>\n\t\t","protected":false},"excerpt":{"rendered":"<p>UNITED BULLY NATION UBN La historia dicen que se repite, siempre he sido uno de los que dicen que sin cambios nunca habr\u00e1 un futuro y es por eso que UBN se cre\u00f3 a lo largo de los a\u00f1os. He sido un gran entusiasta de la raza Bull, De bull terriers como Spud McKenzie y [&hellip;]<\/p>\n","protected":false},"author":1,"featured_media":0,"parent":0,"menu_order":0,"comment_status":"closed","ping_status":"closed","template":"","meta":{"site-sidebar-layout":"no-sidebar","site-content-layout":"page-builder","ast-site-content-layout":"","site-content-style":"default","site-sidebar-style":"default","ast-global-header-display":"","ast-banner-title-visibility":"","ast-main-header-display":"","ast-hfb-above-header-display":"","ast-hfb-below-header-display":"","ast-hfb-mobile-header-display":"","site-post-title":"disabled","ast-breadcrumbs-content":"","ast-featured-img":"disabled","footer-sml-layout":"","theme-transparent-header-meta":"default","adv-header-id-meta":"","stick-header-meta":"default","header-above-stick-meta":"","header-main-stick-meta":"","header-below-stick-meta":"","astra-migrate-meta-layouts":"default","ast-page-background-enabled":"default","ast-page-background-meta":{"desktop":{"background-color":"","background-image":"","background-repeat":"repeat","background-position":"center center","background-size":"auto","background-attachment":"scroll","background-type":"","background-media":"","overlay-type":"","overlay-color":"","overlay-opacity":"","overlay-gradient":""},"tablet":{"background-color":"","background-image":"","background-repeat":"repeat","background-position":"center center","background-size":"auto","background-attachment":"scroll","background-type":"","background-media":"","overlay-type":"","overlay-color":"","overlay-opacity":"","overlay-gradient":""},"mobile":{"background-color":"","background-image":"","background-repeat":"repeat","background-position":"center center","background-size":"auto","background-attachment":"scroll","background-type":"","background-media":"","overlay-type":"","overlay-color":"","overlay-opacity":"","overlay-gradient":""}},"ast-content-background-meta":{"desktop":{"background-color":"var(--ast-global-color-5)","background-image":"","background-repeat":"repeat","background-position":"center center","background-size":"auto","background-attachment":"scroll","background-type":"","background-media":"","overlay-type":"","overlay-color":"","overlay-opacity":"","overlay-gradient":""},"tablet":{"background-color":"var(--ast-global-color-5)","background-image":"","background-repeat":"repeat","background-position":"center center","background-size":"auto","background-attachment":"scroll","background-type":"","background-media":"","overlay-type":"","overlay-color":"","overlay-opacity":"","overlay-gradient":""},"mobile":{"background-color":"var(--ast-global-color-5)","background-image":"","background-repeat":"repeat","background-position":"center center","background-size":"auto","background-attachment":"scroll","background-type":"","background-media":"","overlay-type":"","overlay-color":"","overlay-opacity":"","overlay-gradient":""}},"footnotes":""},"class_list":["post-2814","page","type-page","status-publish","hentry"],"yoast_head":"<!-- This site is optimized with the Yoast SEO plugin v24.0 - https:\/\/yoast.com\/wordpress\/plugins\/seo\/ -->\n<title>UBNREGISTRY | Banner pedia<\/title>\n<meta name=\"robots\" content=\"index, follow, max-snippet:-1, max-image-preview:large, max-video-preview:-1\" \/>\n<link rel=\"canonical\" href=\"https:\/\/bannerpedia.com\/index.php\/ubnregistry\/\" \/>\n<meta property=\"og:locale\" content=\"en_US\" \/>\n<meta property=\"og:type\" content=\"article\" \/>\n<meta property=\"og:title\" content=\"UBNREGISTRY | Banner pedia\" \/>\n<meta property=\"og:description\" content=\"UNITED BULLY NATION UBN La historia dicen que se repite, siempre he sido uno de los que dicen que sin cambios nunca habr\u00e1 un futuro y es por eso que UBN se cre\u00f3 a lo largo de los a\u00f1os. He sido un gran entusiasta de la raza Bull, De bull terriers como Spud McKenzie y [&hellip;]\" \/>\n<meta property=\"og:url\" content=\"https:\/\/bannerpedia.com\/index.php\/ubnregistry\/\" \/>\n<meta property=\"og:site_name\" content=\"Banner pedia\" \/>\n<meta property=\"article:modified_time\" content=\"2022-11-15T18:12:10+00:00\" \/>\n<meta property=\"og:image\" content=\"https:\/\/bannerpedia.com\/wp-content\/uploads\/2020\/07\/LOGO-UBN.png\" \/>\n<meta name=\"twitter:card\" content=\"summary_large_image\" \/>\n<meta name=\"twitter:label1\" content=\"Est. reading time\" \/>\n\t<meta name=\"twitter:data1\" content=\"7 minutes\" \/>\n<script type=\"application\/ld+json\" class=\"yoast-schema-graph\">{\"@context\":\"https:\/\/schema.org\",\"@graph\":[{\"@type\":\"WebPage\",\"@id\":\"https:\/\/bannerpedia.com\/index.php\/ubnregistry\/\",\"url\":\"https:\/\/bannerpedia.com\/index.php\/ubnregistry\/\",\"name\":\"UBNREGISTRY | Banner pedia\",\"isPartOf\":{\"@id\":\"https:\/\/bannerpedia.com\/#website\"},\"primaryImageOfPage\":{\"@id\":\"https:\/\/bannerpedia.com\/index.php\/ubnregistry\/#primaryimage\"},\"image\":{\"@id\":\"https:\/\/bannerpedia.com\/index.php\/ubnregistry\/#primaryimage\"},\"thumbnailUrl\":\"https:\/\/bannerpedia.com\/wp-content\/uploads\/2020\/07\/LOGO-UBN.png\",\"datePublished\":\"2020-07-26T02:34:00+00:00\",\"dateModified\":\"2022-11-15T18:12:10+00:00\",\"breadcrumb\":{\"@id\":\"https:\/\/bannerpedia.com\/index.php\/ubnregistry\/#breadcrumb\"},\"inLanguage\":\"en-US\",\"potentialAction\":[{\"@type\":\"ReadAction\",\"target\":[\"https:\/\/bannerpedia.com\/index.php\/ubnregistry\/\"]}]},{\"@type\":\"ImageObject\",\"inLanguage\":\"en-US\",\"@id\":\"https:\/\/bannerpedia.com\/index.php\/ubnregistry\/#primaryimage\",\"url\":\"https:\/\/bannerpedia.com\/wp-content\/uploads\/2020\/07\/LOGO-UBN.png\",\"contentUrl\":\"https:\/\/bannerpedia.com\/wp-content\/uploads\/2020\/07\/LOGO-UBN.png\",\"width\":300,\"height\":300},{\"@type\":\"BreadcrumbList\",\"@id\":\"https:\/\/bannerpedia.com\/index.php\/ubnregistry\/#breadcrumb\",\"itemListElement\":[{\"@type\":\"ListItem\",\"position\":1,\"name\":\"Portada\",\"item\":\"https:\/\/bannerpedia.com\/\"},{\"@type\":\"ListItem\",\"position\":2,\"name\":\"UBNREGISTRY\"}]},{\"@type\":\"WebSite\",\"@id\":\"https:\/\/bannerpedia.com\/#website\",\"url\":\"https:\/\/bannerpedia.com\/\",\"name\":\"Banner pedia\",\"description\":\"\",\"publisher\":{\"@id\":\"https:\/\/bannerpedia.com\/#organization\"},\"potentialAction\":[{\"@type\":\"SearchAction\",\"target\":{\"@type\":\"EntryPoint\",\"urlTemplate\":\"https:\/\/bannerpedia.com\/?s={search_term_string}\"},\"query-input\":{\"@type\":\"PropertyValueSpecification\",\"valueRequired\":true,\"valueName\":\"search_term_string\"}}],\"inLanguage\":\"en-US\"},{\"@type\":\"Organization\",\"@id\":\"https:\/\/bannerpedia.com\/#organization\",\"name\":\"Banner pedia\",\"url\":\"https:\/\/bannerpedia.com\/\",\"logo\":{\"@type\":\"ImageObject\",\"inLanguage\":\"en-US\",\"@id\":\"https:\/\/bannerpedia.com\/#\/schema\/logo\/image\/\",\"url\":\"https:\/\/bannerpedia.com\/wp-content\/uploads\/2020\/05\/logo-banner-pedia-e1591752807397.png\",\"contentUrl\":\"https:\/\/bannerpedia.com\/wp-content\/uploads\/2020\/05\/logo-banner-pedia-e1591752807397.png\",\"width\":150,\"height\":98,\"caption\":\"Banner pedia\"},\"image\":{\"@id\":\"https:\/\/bannerpedia.com\/#\/schema\/logo\/image\/\"}}]}<\/script>\n<!-- \/ Yoast SEO plugin. -->","yoast_head_json":{"title":"UBNREGISTRY | Banner pedia","robots":{"index":"index","follow":"follow","max-snippet":"max-snippet:-1","max-image-preview":"max-image-preview:large","max-video-preview":"max-video-preview:-1"},"canonical":"https:\/\/bannerpedia.com\/index.php\/ubnregistry\/","og_locale":"en_US","og_type":"article","og_title":"UBNREGISTRY | Banner pedia","og_description":"UNITED BULLY NATION UBN La historia dicen que se repite, siempre he sido uno de los que dicen que sin cambios nunca habr\u00e1 un futuro y es por eso que UBN se cre\u00f3 a lo largo de los a\u00f1os. He sido un gran entusiasta de la raza Bull, De bull terriers como Spud McKenzie y [&hellip;]","og_url":"https:\/\/bannerpedia.com\/index.php\/ubnregistry\/","og_site_name":"Banner pedia","article_modified_time":"2022-11-15T18:12:10+00:00","og_image":[{"url":"https:\/\/bannerpedia.com\/wp-content\/uploads\/2020\/07\/LOGO-UBN.png","type":"","width":"","height":""}],"twitter_card":"summary_large_image","twitter_misc":{"Est. reading time":"7 minutes"},"schema":{"@context":"https:\/\/schema.org","@graph":[{"@type":"WebPage","@id":"https:\/\/bannerpedia.com\/index.php\/ubnregistry\/","url":"https:\/\/bannerpedia.com\/index.php\/ubnregistry\/","name":"UBNREGISTRY | Banner pedia","isPartOf":{"@id":"https:\/\/bannerpedia.com\/#website"},"primaryImageOfPage":{"@id":"https:\/\/bannerpedia.com\/index.php\/ubnregistry\/#primaryimage"},"image":{"@id":"https:\/\/bannerpedia.com\/index.php\/ubnregistry\/#primaryimage"},"thumbnailUrl":"https:\/\/bannerpedia.com\/wp-content\/uploads\/2020\/07\/LOGO-UBN.png","datePublished":"2020-07-26T02:34:00+00:00","dateModified":"2022-11-15T18:12:10+00:00","breadcrumb":{"@id":"https:\/\/bannerpedia.com\/index.php\/ubnregistry\/#breadcrumb"},"inLanguage":"en-US","potentialAction":[{"@type":"ReadAction","target":["https:\/\/bannerpedia.com\/index.php\/ubnregistry\/"]}]},{"@type":"ImageObject","inLanguage":"en-US","@id":"https:\/\/bannerpedia.com\/index.php\/ubnregistry\/#primaryimage","url":"https:\/\/bannerpedia.com\/wp-content\/uploads\/2020\/07\/LOGO-UBN.png","contentUrl":"https:\/\/bannerpedia.com\/wp-content\/uploads\/2020\/07\/LOGO-UBN.png","width":300,"height":300},{"@type":"BreadcrumbList","@id":"https:\/\/bannerpedia.com\/index.php\/ubnregistry\/#breadcrumb","itemListElement":[{"@type":"ListItem","position":1,"name":"Portada","item":"https:\/\/bannerpedia.com\/"},{"@type":"ListItem","position":2,"name":"UBNREGISTRY"}]},{"@type":"WebSite","@id":"https:\/\/bannerpedia.com\/#website","url":"https:\/\/bannerpedia.com\/","name":"Banner pedia","description":"","publisher":{"@id":"https:\/\/bannerpedia.com\/#organization"},"potentialAction":[{"@type":"SearchAction","target":{"@type":"EntryPoint","urlTemplate":"https:\/\/bannerpedia.com\/?s={search_term_string}"},"query-input":{"@type":"PropertyValueSpecification","valueRequired":true,"valueName":"search_term_string"}}],"inLanguage":"en-US"},{"@type":"Organization","@id":"https:\/\/bannerpedia.com\/#organization","name":"Banner pedia","url":"https:\/\/bannerpedia.com\/","logo":{"@type":"ImageObject","inLanguage":"en-US","@id":"https:\/\/bannerpedia.com\/#\/schema\/logo\/image\/","url":"https:\/\/bannerpedia.com\/wp-content\/uploads\/2020\/05\/logo-banner-pedia-e1591752807397.png","contentUrl":"https:\/\/bannerpedia.com\/wp-content\/uploads\/2020\/05\/logo-banner-pedia-e1591752807397.png","width":150,"height":98,"caption":"Banner pedia"},"image":{"@id":"https:\/\/bannerpedia.com\/#\/schema\/logo\/image\/"}}]}},"_links":{"self":[{"href":"https:\/\/bannerpedia.com\/index.php\/wp-json\/wp\/v2\/pages\/2814","targetHints":{"allow":["GET"]}}],"collection":[{"href":"https:\/\/bannerpedia.com\/index.php\/wp-json\/wp\/v2\/pages"}],"about":[{"href":"https:\/\/bannerpedia.com\/index.php\/wp-json\/wp\/v2\/types\/page"}],"author":[{"embeddable":true,"href":"https:\/\/bannerpedia.com\/index.php\/wp-json\/wp\/v2\/users\/1"}],"replies":[{"embeddable":true,"href":"https:\/\/bannerpedia.com\/index.php\/wp-json\/wp\/v2\/comments?post=2814"}],"version-history":[{"count":28,"href":"https:\/\/bannerpedia.com\/index.php\/wp-json\/wp\/v2\/pages\/2814\/revisions"}],"predecessor-version":[{"id":6366,"href":"https:\/\/bannerpedia.com\/index.php\/wp-json\/wp\/v2\/pages\/2814\/revisions\/6366"}],"wp:attachment":[{"href":"https:\/\/bannerpedia.com\/index.php\/wp-json\/wp\/v2\/media?parent=2814"}],"curies":[{"name":"wp","href":"https:\/\/api.w.org\/{rel}","templated":true}]}}