{"id":5567,"date":"2022-03-17T16:05:46","date_gmt":"2022-03-17T19:05:46","guid":{"rendered":"https:\/\/bannerpedia.com\/?page_id=5567"},"modified":"2023-12-12T22:55:22","modified_gmt":"2023-12-13T01:55:22","slug":"hacer-banner-pedia","status":"publish","type":"page","link":"https:\/\/bannerpedia.com\/index.php\/hacer-banner-pedia\/","title":{"rendered":"Hacer bannerpedia"},"content":{"rendered":"\t\t<div data-elementor-type=\"wp-page\" data-elementor-id=\"5567\" class=\"elementor elementor-5567\" data-elementor-post-type=\"page\">\n\t\t\t\t\t\t<section class=\"elementor-section elementor-top-section elementor-element elementor-element-aad5d37 elementor-section-boxed elementor-section-height-default elementor-section-height-default\" data-id=\"aad5d37\" data-element_type=\"section\">\n\t\t\t\t\t\t<div class=\"elementor-container elementor-column-gap-default\">\n\t\t\t\t\t<div class=\"elementor-column elementor-col-100 elementor-top-column elementor-element elementor-element-9439867\" data-id=\"9439867\" data-element_type=\"column\">\n\t\t\t<div class=\"elementor-widget-wrap elementor-element-populated\">\n\t\t\t\t\t\t<div class=\"elementor-element elementor-element-912bf19 elementor-widget elementor-widget-wp-widget-gtranslate\" data-id=\"912bf19\" data-element_type=\"widget\" data-widget_type=\"wp-widget-gtranslate.default\">\n\t\t\t\t<div class=\"elementor-widget-container\">\n\t\t\t<div class=\"gtranslate_wrapper\" id=\"gt-wrapper-74562913\"><\/div>\t\t<\/div>\n\t\t\t\t<\/div>\n\t\t\t\t<div class=\"elementor-element elementor-element-b1f7a51 elementor-widget-divider--view-line elementor-widget elementor-widget-divider\" data-id=\"b1f7a51\" data-element_type=\"widget\" data-widget_type=\"divider.default\">\n\t\t\t\t<div class=\"elementor-widget-container\">\n\t\t\t\t\t<div class=\"elementor-divider\">\n\t\t\t<span class=\"elementor-divider-separator\">\n\t\t\t\t\t\t<\/span>\n\t\t<\/div>\n\t\t\t\t<\/div>\n\t\t\t\t<\/div>\n\t\t\t\t<div class=\"elementor-element elementor-element-83f12e5 elementor-widget elementor-widget-heading\" data-id=\"83f12e5\" data-element_type=\"widget\" data-widget_type=\"heading.default\">\n\t\t\t\t<div class=\"elementor-widget-container\">\n\t\t\t<h2 class=\"elementor-heading-title elementor-size-default\">INFORMACI\u00d3N NECESARIA PARA LA CREACI\u00d3N <\/h2>\t\t<\/div>\n\t\t\t\t<\/div>\n\t\t\t\t<section class=\"elementor-section elementor-inner-section elementor-element elementor-element-cd367de elementor-section-boxed elementor-section-height-default elementor-section-height-default\" data-id=\"cd367de\" data-element_type=\"section\">\n\t\t\t\t\t\t<div class=\"elementor-container elementor-column-gap-default\">\n\t\t\t\t\t<div class=\"elementor-column elementor-col-50 elementor-inner-column elementor-element elementor-element-645c7e7\" data-id=\"645c7e7\" data-element_type=\"column\">\n\t\t\t<div class=\"elementor-widget-wrap elementor-element-populated\">\n\t\t\t\t\t\t<div class=\"elementor-element elementor-element-12f869c elementor-widget elementor-widget-text-editor\" data-id=\"12f869c\" data-element_type=\"widget\" data-widget_type=\"text-editor.default\">\n\t\t\t\t<div class=\"elementor-widget-container\">\n\t\t\t\t\t\t\t<p style=\"text-align: left;\"><span style=\"color: #ffffff;\"><span style=\"color: #efb810;\"><em><strong>Banner Pedia<\/strong> <\/em><\/span>es el \u00e1rbol geneal\u00f3gico de tu perro<\/span><br \/><span style=\"color: #ffffff;\">(Pedigree), Adjuntando adem\u00e1s el nombre del perro<\/span><br \/><span style=\"color: #ffffff;\">sus fotos e informaci\u00f3n de sus tres ultimas<\/span><br \/><span style=\"color: #ffffff;\">generaciones.<\/span><\/p>\t\t\t\t\t\t<\/div>\n\t\t\t\t<\/div>\n\t\t\t\t<div class=\"elementor-element elementor-element-5f0629d elementor-hidden-tablet elementor-hidden-mobile elementor-widget elementor-widget-text-editor\" data-id=\"5f0629d\" data-element_type=\"widget\" data-widget_type=\"text-editor.default\">\n\t\t\t\t<div class=\"elementor-widget-container\">\n\t\t\t\t\t\t\t<p><span style=\"color: #ffffff;\"><span style=\"color: #efb810;\">Banner Pedia<\/span> te permite destacar el nombre de tu<\/span><br \/><span style=\"color: #ffffff;\">perro, adem\u00e1s de tu informaci\u00f3n de contacto y redes<\/span><br \/><span style=\"color: #ffffff;\">sociales, facilitando as\u00ed tu relaci\u00f3n con futuros<\/span><br \/><span style=\"color: #ffffff;\">clientes.<\/span><\/p>\t\t\t\t\t\t<\/div>\n\t\t\t\t<\/div>\n\t\t\t\t<div class=\"elementor-element elementor-element-2364de8 elementor-widget elementor-widget-image\" data-id=\"2364de8\" data-element_type=\"widget\" data-widget_type=\"image.default\">\n\t\t\t\t<div class=\"elementor-widget-container\">\n\t\t\t\t\t\t\t\t\t\t\t\t\t<img fetchpriority=\"high\" decoding=\"async\" width=\"1024\" height=\"545\" src=\"https:\/\/bannerpedia.com\/wp-content\/uploads\/2022\/03\/info-banner-pedia-ING-1024x545.jpg\" class=\"attachment-large size-large wp-image-5573\" alt=\"\" srcset=\"https:\/\/bannerpedia.com\/wp-content\/uploads\/2022\/03\/info-banner-pedia-ING-1024x545.jpg 1024w, https:\/\/bannerpedia.com\/wp-content\/uploads\/2022\/03\/info-banner-pedia-ING-300x160.jpg 300w, https:\/\/bannerpedia.com\/wp-content\/uploads\/2022\/03\/info-banner-pedia-ING-768x409.jpg 768w, https:\/\/bannerpedia.com\/wp-content\/uploads\/2022\/03\/info-banner-pedia-ING-1536x818.jpg 1536w, https:\/\/bannerpedia.com\/wp-content\/uploads\/2022\/03\/info-banner-pedia-ING.jpg 1920w\" sizes=\"(max-width: 1024px) 100vw, 1024px\" \/>\t\t\t\t\t\t\t\t\t\t\t\t\t<\/div>\n\t\t\t\t<\/div>\n\t\t\t\t<div class=\"elementor-element elementor-element-eed80fc elementor-hidden-desktop elementor-hidden-tablet elementor-widget elementor-widget-text-editor\" data-id=\"eed80fc\" data-element_type=\"widget\" data-widget_type=\"text-editor.default\">\n\t\t\t\t<div class=\"elementor-widget-container\">\n\t\t\t\t\t\t\t<p><span style=\"color: #ffffff;\"><span style=\"color: #efb810;\">Banner Pedia<\/span> te permite destacar el nombre de tu<\/span><br \/><span style=\"color: #ffffff;\">perro, adem\u00e1s de tu informaci\u00f3n de contacto y redes<\/span><br \/><span style=\"color: #ffffff;\">sociales, facilitando as\u00ed tu relaci\u00f3n con futuros<\/span><\/p>\t\t\t\t\t\t<\/div>\n\t\t\t\t<\/div>\n\t\t\t\t\t<\/div>\n\t\t<\/div>\n\t\t\t\t<div class=\"elementor-column elementor-col-50 elementor-inner-column elementor-element elementor-element-87490a5\" data-id=\"87490a5\" data-element_type=\"column\">\n\t\t\t<div class=\"elementor-widget-wrap elementor-element-populated\">\n\t\t\t\t\t\t<div class=\"elementor-element elementor-element-37bff26 elementor-widget elementor-widget-image\" data-id=\"37bff26\" data-element_type=\"widget\" data-widget_type=\"image.default\">\n\t\t\t\t<div class=\"elementor-widget-container\">\n\t\t\t\t\t\t\t\t\t\t\t\t\t<img decoding=\"async\" width=\"1024\" height=\"545\" src=\"https:\/\/bannerpedia.com\/wp-content\/uploads\/2022\/03\/CREACION-DE-BANNER-PEDIA-1024x545.jpg\" class=\"attachment-large size-large wp-image-5574\" alt=\"\" srcset=\"https:\/\/bannerpedia.com\/wp-content\/uploads\/2022\/03\/CREACION-DE-BANNER-PEDIA-1024x545.jpg 1024w, https:\/\/bannerpedia.com\/wp-content\/uploads\/2022\/03\/CREACION-DE-BANNER-PEDIA-300x160.jpg 300w, https:\/\/bannerpedia.com\/wp-content\/uploads\/2022\/03\/CREACION-DE-BANNER-PEDIA-768x409.jpg 768w, https:\/\/bannerpedia.com\/wp-content\/uploads\/2022\/03\/CREACION-DE-BANNER-PEDIA-1536x818.jpg 1536w, https:\/\/bannerpedia.com\/wp-content\/uploads\/2022\/03\/CREACION-DE-BANNER-PEDIA.jpg 1920w\" sizes=\"(max-width: 1024px) 100vw, 1024px\" \/>\t\t\t\t\t\t\t\t\t\t\t\t\t<\/div>\n\t\t\t\t<\/div>\n\t\t\t\t<div class=\"elementor-element elementor-element-84f1a8c elementor-widget elementor-widget-text-editor\" data-id=\"84f1a8c\" data-element_type=\"widget\" data-widget_type=\"text-editor.default\">\n\t\t\t\t<div class=\"elementor-widget-container\">\n\t\t\t\t\t\t\t<p><span style=\"color: #ffffff;\"><span style=\"color: #efb810;\"><em><strong>FOTOS<\/strong><\/em><\/span>: Fundamental es que nos puedas proporcionar<\/span><br \/><span style=\"color: #ffffff;\">fotos de la mayor calidad posible, tanto de tu perro como de su<\/span><br \/><span style=\"color: #ffffff;\">ascendencia.<\/span><\/p>\n<p><span style=\"color: #ffffff;\">En el caso de que no puedas proporcionar las fotos para<\/span><br \/><span style=\"color: #ffffff;\">completar el perfil nosotros nos encargar de la busqueda<\/span><br \/><span style=\"color: #ffffff;\">Sino existen las fotos que se necesitan, disponible queda<\/span><br \/><span style=\"color: #ffffff;\">la opci\u00f3n de adjuntarlas en el futuro.<\/span><\/p>\t\t\t\t\t\t<\/div>\n\t\t\t\t<\/div>\n\t\t\t\t<div class=\"elementor-element elementor-element-be8ac39 elementor-widget elementor-widget-image\" data-id=\"be8ac39\" data-element_type=\"widget\" data-widget_type=\"image.default\">\n\t\t\t\t<div class=\"elementor-widget-container\">\n\t\t\t\t\t\t\t\t\t\t\t\t\t<img decoding=\"async\" width=\"1024\" height=\"545\" src=\"https:\/\/bannerpedia.com\/wp-content\/uploads\/2022\/03\/INFO-NOMBRES-DE-REGISTRO-ING-1024x545.jpg\" class=\"attachment-large size-large wp-image-5575\" alt=\"\" srcset=\"https:\/\/bannerpedia.com\/wp-content\/uploads\/2022\/03\/INFO-NOMBRES-DE-REGISTRO-ING-1024x545.jpg 1024w, https:\/\/bannerpedia.com\/wp-content\/uploads\/2022\/03\/INFO-NOMBRES-DE-REGISTRO-ING-300x160.jpg 300w, https:\/\/bannerpedia.com\/wp-content\/uploads\/2022\/03\/INFO-NOMBRES-DE-REGISTRO-ING-768x409.jpg 768w, https:\/\/bannerpedia.com\/wp-content\/uploads\/2022\/03\/INFO-NOMBRES-DE-REGISTRO-ING-1536x818.jpg 1536w, https:\/\/bannerpedia.com\/wp-content\/uploads\/2022\/03\/INFO-NOMBRES-DE-REGISTRO-ING.jpg 1920w\" sizes=\"(max-width: 1024px) 100vw, 1024px\" \/>\t\t\t\t\t\t\t\t\t\t\t\t\t<\/div>\n\t\t\t\t<\/div>\n\t\t\t\t\t<\/div>\n\t\t<\/div>\n\t\t\t\t\t<\/div>\n\t\t<\/section>\n\t\t\t\t\t<\/div>\n\t\t<\/div>\n\t\t\t\t\t<\/div>\n\t\t<\/section>\n\t\t\t\t<section class=\"elementor-section elementor-top-section elementor-element elementor-element-a47d893 elementor-section-boxed elementor-section-height-default elementor-section-height-default\" data-id=\"a47d893\" data-element_type=\"section\">\n\t\t\t\t\t\t<div class=\"elementor-container elementor-column-gap-default\">\n\t\t\t\t\t<div class=\"elementor-column elementor-col-100 elementor-top-column elementor-element elementor-element-d1f2dd1\" data-id=\"d1f2dd1\" data-element_type=\"column\">\n\t\t\t<div class=\"elementor-widget-wrap elementor-element-populated\">\n\t\t\t\t\t\t<div class=\"elementor-element elementor-element-dc1769d elementor-widget elementor-widget-heading\" data-id=\"dc1769d\" data-element_type=\"widget\" data-widget_type=\"heading.default\">\n\t\t\t\t<div class=\"elementor-widget-container\">\n\t\t\t<h2 class=\"elementor-heading-title elementor-size-default\">REDES SOCIALES BANNERPEDIA <\/h2>\t\t<\/div>\n\t\t\t\t<\/div>\n\t\t\t\t\t<\/div>\n\t\t<\/div>\n\t\t\t\t\t<\/div>\n\t\t<\/section>\n\t\t\t\t<section class=\"elementor-section elementor-top-section elementor-element elementor-element-680f26a elementor-section-boxed elementor-section-height-default elementor-section-height-default\" data-id=\"680f26a\" data-element_type=\"section\">\n\t\t\t\t\t\t<div class=\"elementor-container elementor-column-gap-default\">\n\t\t\t\t\t<div class=\"elementor-column elementor-col-100 elementor-top-column elementor-element elementor-element-75c2158\" data-id=\"75c2158\" data-element_type=\"column\">\n\t\t\t<div class=\"elementor-widget-wrap elementor-element-populated\">\n\t\t\t\t\t\t<div class=\"elementor-element elementor-element-fc3d2ad elementor-shape-rounded elementor-grid-0 e-grid-align-center elementor-widget elementor-widget-social-icons\" data-id=\"fc3d2ad\" data-element_type=\"widget\" data-widget_type=\"social-icons.default\">\n\t\t\t\t<div class=\"elementor-widget-container\">\n\t\t\t\t\t<div class=\"elementor-social-icons-wrapper elementor-grid\">\n\t\t\t\t\t\t\t<span class=\"elementor-grid-item\">\n\t\t\t\t\t<a class=\"elementor-icon elementor-social-icon elementor-social-icon-facebook elementor-repeater-item-3b7c060\" href=\"https:\/\/www.facebook.com\/Banner-Pedia-115519786762460\/\" target=\"_blank\">\n\t\t\t\t\t\t<span class=\"elementor-screen-only\">Facebook<\/span>\n\t\t\t\t\t\t<i class=\"fab fa-facebook\"><\/i>\t\t\t\t\t<\/a>\n\t\t\t\t<\/span>\n\t\t\t\t\t\t\t<span class=\"elementor-grid-item\">\n\t\t\t\t\t<a class=\"elementor-icon elementor-social-icon elementor-social-icon-whatsapp elementor-repeater-item-f422357\" href=\"https:\/\/api.whatsapp.com\/send?phone=56921701033&#038;text=Hi%20Bannerpedia\" target=\"_blank\">\n\t\t\t\t\t\t<span class=\"elementor-screen-only\">Whatsapp<\/span>\n\t\t\t\t\t\t<i class=\"fab fa-whatsapp\"><\/i>\t\t\t\t\t<\/a>\n\t\t\t\t<\/span>\n\t\t\t\t\t\t\t<span class=\"elementor-grid-item\">\n\t\t\t\t\t<a class=\"elementor-icon elementor-social-icon elementor-social-icon-instagram elementor-repeater-item-5ae48a9\" href=\"https:\/\/www.instagram.com\/banner_pedia\/\" target=\"_blank\">\n\t\t\t\t\t\t<span class=\"elementor-screen-only\">Instagram<\/span>\n\t\t\t\t\t\t<i class=\"fab fa-instagram\"><\/i>\t\t\t\t\t<\/a>\n\t\t\t\t<\/span>\n\t\t\t\t\t<\/div>\n\t\t\t\t<\/div>\n\t\t\t\t<\/div>\n\t\t\t\t\t<\/div>\n\t\t<\/div>\n\t\t\t\t\t<\/div>\n\t\t<\/section>\n\t\t\t\t<\/div>\n\t\t","protected":false},"excerpt":{"rendered":"<p>INFORMACI\u00d3N NECESARIA PARA LA CREACI\u00d3N Banner Pedia es el \u00e1rbol geneal\u00f3gico de tu perro(Pedigree), Adjuntando adem\u00e1s el nombre del perrosus fotos e informaci\u00f3n de sus tres ultimasgeneraciones. Banner Pedia te permite destacar el nombre de tuperro, adem\u00e1s de tu informaci\u00f3n de contacto y redessociales, facilitando as\u00ed tu relaci\u00f3n con futurosclientes. Banner Pedia te permite destacar [&hellip;]<\/p>\n","protected":false},"author":1,"featured_media":0,"parent":0,"menu_order":0,"comment_status":"closed","ping_status":"closed","template":"elementor_header_footer","meta":{"site-sidebar-layout":"default","site-content-layout":"","ast-site-content-layout":"","site-content-style":"default","site-sidebar-style":"default","ast-global-header-display":"","ast-banner-title-visibility":"","ast-main-header-display":"","ast-hfb-above-header-display":"","ast-hfb-below-header-display":"","ast-hfb-mobile-header-display":"","site-post-title":"","ast-breadcrumbs-content":"","ast-featured-img":"","footer-sml-layout":"","theme-transparent-header-meta":"","adv-header-id-meta":"","stick-header-meta":"","header-above-stick-meta":"","header-main-stick-meta":"","header-below-stick-meta":"","astra-migrate-meta-layouts":"default","ast-page-background-enabled":"default","ast-page-background-meta":{"desktop":{"background-color":"","background-image":"","background-repeat":"repeat","background-position":"center center","background-size":"auto","background-attachment":"scroll","background-type":"","background-media":"","overlay-type":"","overlay-color":"","overlay-opacity":"","overlay-gradient":""},"tablet":{"background-color":"","background-image":"","background-repeat":"repeat","background-position":"center center","background-size":"auto","background-attachment":"scroll","background-type":"","background-media":"","overlay-type":"","overlay-color":"","overlay-opacity":"","overlay-gradient":""},"mobile":{"background-color":"","background-image":"","background-repeat":"repeat","background-position":"center center","background-size":"auto","background-attachment":"scroll","background-type":"","background-media":"","overlay-type":"","overlay-color":"","overlay-opacity":"","overlay-gradient":""}},"ast-content-background-meta":{"desktop":{"background-color":"var(--ast-global-color-5)","background-image":"","background-repeat":"repeat","background-position":"center center","background-size":"auto","background-attachment":"scroll","background-type":"","background-media":"","overlay-type":"","overlay-color":"","overlay-opacity":"","overlay-gradient":""},"tablet":{"background-color":"var(--ast-global-color-5)","background-image":"","background-repeat":"repeat","background-position":"center center","background-size":"auto","background-attachment":"scroll","background-type":"","background-media":"","overlay-type":"","overlay-color":"","overlay-opacity":"","overlay-gradient":""},"mobile":{"background-color":"var(--ast-global-color-5)","background-image":"","background-repeat":"repeat","background-position":"center center","background-size":"auto","background-attachment":"scroll","background-type":"","background-media":"","overlay-type":"","overlay-color":"","overlay-opacity":"","overlay-gradient":""}},"footnotes":""},"class_list":["post-5567","page","type-page","status-publish","hentry"],"yoast_head":"<!-- This site is optimized with the Yoast SEO plugin v24.0 - https:\/\/yoast.com\/wordpress\/plugins\/seo\/ -->\n<title>Hacer bannerpedia | Banner pedia<\/title>\n<meta name=\"description\" content=\"\u00bf como crear un bannerpedia? te lo explicamos paso a paso, aqu\u00ed en el sitio web mas relevante sobre la raza American Bully\" \/>\n<meta name=\"robots\" content=\"index, follow, max-snippet:-1, max-image-preview:large, max-video-preview:-1\" \/>\n<link rel=\"canonical\" href=\"https:\/\/bannerpedia.com\/index.php\/hacer-banner-pedia\/\" \/>\n<meta property=\"og:locale\" content=\"en_US\" \/>\n<meta property=\"og:type\" content=\"article\" \/>\n<meta property=\"og:title\" content=\"Hacer bannerpedia | Banner pedia\" \/>\n<meta property=\"og:description\" content=\"\u00bf como crear un bannerpedia? te lo explicamos paso a paso, aqu\u00ed en el sitio web mas relevante sobre la raza American Bully\" \/>\n<meta property=\"og:url\" content=\"https:\/\/bannerpedia.com\/index.php\/hacer-banner-pedia\/\" \/>\n<meta property=\"og:site_name\" content=\"Banner pedia\" \/>\n<meta property=\"article:modified_time\" content=\"2023-12-13T01:55:22+00:00\" \/>\n<meta property=\"og:image\" content=\"https:\/\/bannerpedia.com\/wp-content\/uploads\/2022\/03\/info-banner-pedia-ING-1024x545.jpg\" \/>\n<meta name=\"twitter:card\" content=\"summary_large_image\" \/>\n<meta name=\"twitter:label1\" content=\"Est. reading time\" \/>\n\t<meta name=\"twitter:data1\" content=\"2 minutes\" \/>\n<script type=\"application\/ld+json\" class=\"yoast-schema-graph\">{\"@context\":\"https:\/\/schema.org\",\"@graph\":[{\"@type\":\"WebPage\",\"@id\":\"https:\/\/bannerpedia.com\/index.php\/hacer-banner-pedia\/\",\"url\":\"https:\/\/bannerpedia.com\/index.php\/hacer-banner-pedia\/\",\"name\":\"Hacer bannerpedia | Banner pedia\",\"isPartOf\":{\"@id\":\"https:\/\/bannerpedia.com\/#website\"},\"primaryImageOfPage\":{\"@id\":\"https:\/\/bannerpedia.com\/index.php\/hacer-banner-pedia\/#primaryimage\"},\"image\":{\"@id\":\"https:\/\/bannerpedia.com\/index.php\/hacer-banner-pedia\/#primaryimage\"},\"thumbnailUrl\":\"https:\/\/bannerpedia.com\/wp-content\/uploads\/2022\/03\/info-banner-pedia-ING-1024x545.jpg\",\"datePublished\":\"2022-03-17T19:05:46+00:00\",\"dateModified\":\"2023-12-13T01:55:22+00:00\",\"description\":\"\u00bf como crear un bannerpedia? te lo explicamos paso a paso, aqu\u00ed en el sitio web mas relevante sobre la raza American Bully\",\"breadcrumb\":{\"@id\":\"https:\/\/bannerpedia.com\/index.php\/hacer-banner-pedia\/#breadcrumb\"},\"inLanguage\":\"en-US\",\"potentialAction\":[{\"@type\":\"ReadAction\",\"target\":[\"https:\/\/bannerpedia.com\/index.php\/hacer-banner-pedia\/\"]}]},{\"@type\":\"ImageObject\",\"inLanguage\":\"en-US\",\"@id\":\"https:\/\/bannerpedia.com\/index.php\/hacer-banner-pedia\/#primaryimage\",\"url\":\"https:\/\/bannerpedia.com\/wp-content\/uploads\/2022\/03\/info-banner-pedia-ING-1024x545.jpg\",\"contentUrl\":\"https:\/\/bannerpedia.com\/wp-content\/uploads\/2022\/03\/info-banner-pedia-ING-1024x545.jpg\"},{\"@type\":\"BreadcrumbList\",\"@id\":\"https:\/\/bannerpedia.com\/index.php\/hacer-banner-pedia\/#breadcrumb\",\"itemListElement\":[{\"@type\":\"ListItem\",\"position\":1,\"name\":\"Portada\",\"item\":\"https:\/\/bannerpedia.com\/\"},{\"@type\":\"ListItem\",\"position\":2,\"name\":\"Hacer bannerpedia\"}]},{\"@type\":\"WebSite\",\"@id\":\"https:\/\/bannerpedia.com\/#website\",\"url\":\"https:\/\/bannerpedia.com\/\",\"name\":\"Banner pedia\",\"description\":\"\",\"publisher\":{\"@id\":\"https:\/\/bannerpedia.com\/#organization\"},\"potentialAction\":[{\"@type\":\"SearchAction\",\"target\":{\"@type\":\"EntryPoint\",\"urlTemplate\":\"https:\/\/bannerpedia.com\/?s={search_term_string}\"},\"query-input\":{\"@type\":\"PropertyValueSpecification\",\"valueRequired\":true,\"valueName\":\"search_term_string\"}}],\"inLanguage\":\"en-US\"},{\"@type\":\"Organization\",\"@id\":\"https:\/\/bannerpedia.com\/#organization\",\"name\":\"Banner pedia\",\"url\":\"https:\/\/bannerpedia.com\/\",\"logo\":{\"@type\":\"ImageObject\",\"inLanguage\":\"en-US\",\"@id\":\"https:\/\/bannerpedia.com\/#\/schema\/logo\/image\/\",\"url\":\"https:\/\/bannerpedia.com\/wp-content\/uploads\/2020\/05\/logo-banner-pedia-e1591752807397.png\",\"contentUrl\":\"https:\/\/bannerpedia.com\/wp-content\/uploads\/2020\/05\/logo-banner-pedia-e1591752807397.png\",\"width\":150,\"height\":98,\"caption\":\"Banner pedia\"},\"image\":{\"@id\":\"https:\/\/bannerpedia.com\/#\/schema\/logo\/image\/\"}}]}<\/script>\n<!-- \/ Yoast SEO plugin. -->","yoast_head_json":{"title":"Hacer bannerpedia | Banner pedia","description":"\u00bf como crear un bannerpedia? te lo explicamos paso a paso, aqu\u00ed en el sitio web mas relevante sobre la raza American Bully","robots":{"index":"index","follow":"follow","max-snippet":"max-snippet:-1","max-image-preview":"max-image-preview:large","max-video-preview":"max-video-preview:-1"},"canonical":"https:\/\/bannerpedia.com\/index.php\/hacer-banner-pedia\/","og_locale":"en_US","og_type":"article","og_title":"Hacer bannerpedia | Banner pedia","og_description":"\u00bf como crear un bannerpedia? te lo explicamos paso a paso, aqu\u00ed en el sitio web mas relevante sobre la raza American Bully","og_url":"https:\/\/bannerpedia.com\/index.php\/hacer-banner-pedia\/","og_site_name":"Banner pedia","article_modified_time":"2023-12-13T01:55:22+00:00","og_image":[{"url":"https:\/\/bannerpedia.com\/wp-content\/uploads\/2022\/03\/info-banner-pedia-ING-1024x545.jpg","type":"","width":"","height":""}],"twitter_card":"summary_large_image","twitter_misc":{"Est. reading time":"2 minutes"},"schema":{"@context":"https:\/\/schema.org","@graph":[{"@type":"WebPage","@id":"https:\/\/bannerpedia.com\/index.php\/hacer-banner-pedia\/","url":"https:\/\/bannerpedia.com\/index.php\/hacer-banner-pedia\/","name":"Hacer bannerpedia | Banner pedia","isPartOf":{"@id":"https:\/\/bannerpedia.com\/#website"},"primaryImageOfPage":{"@id":"https:\/\/bannerpedia.com\/index.php\/hacer-banner-pedia\/#primaryimage"},"image":{"@id":"https:\/\/bannerpedia.com\/index.php\/hacer-banner-pedia\/#primaryimage"},"thumbnailUrl":"https:\/\/bannerpedia.com\/wp-content\/uploads\/2022\/03\/info-banner-pedia-ING-1024x545.jpg","datePublished":"2022-03-17T19:05:46+00:00","dateModified":"2023-12-13T01:55:22+00:00","description":"\u00bf como crear un bannerpedia? te lo explicamos paso a paso, aqu\u00ed en el sitio web mas relevante sobre la raza American Bully","breadcrumb":{"@id":"https:\/\/bannerpedia.com\/index.php\/hacer-banner-pedia\/#breadcrumb"},"inLanguage":"en-US","potentialAction":[{"@type":"ReadAction","target":["https:\/\/bannerpedia.com\/index.php\/hacer-banner-pedia\/"]}]},{"@type":"ImageObject","inLanguage":"en-US","@id":"https:\/\/bannerpedia.com\/index.php\/hacer-banner-pedia\/#primaryimage","url":"https:\/\/bannerpedia.com\/wp-content\/uploads\/2022\/03\/info-banner-pedia-ING-1024x545.jpg","contentUrl":"https:\/\/bannerpedia.com\/wp-content\/uploads\/2022\/03\/info-banner-pedia-ING-1024x545.jpg"},{"@type":"BreadcrumbList","@id":"https:\/\/bannerpedia.com\/index.php\/hacer-banner-pedia\/#breadcrumb","itemListElement":[{"@type":"ListItem","position":1,"name":"Portada","item":"https:\/\/bannerpedia.com\/"},{"@type":"ListItem","position":2,"name":"Hacer bannerpedia"}]},{"@type":"WebSite","@id":"https:\/\/bannerpedia.com\/#website","url":"https:\/\/bannerpedia.com\/","name":"Banner pedia","description":"","publisher":{"@id":"https:\/\/bannerpedia.com\/#organization"},"potentialAction":[{"@type":"SearchAction","target":{"@type":"EntryPoint","urlTemplate":"https:\/\/bannerpedia.com\/?s={search_term_string}"},"query-input":{"@type":"PropertyValueSpecification","valueRequired":true,"valueName":"search_term_string"}}],"inLanguage":"en-US"},{"@type":"Organization","@id":"https:\/\/bannerpedia.com\/#organization","name":"Banner pedia","url":"https:\/\/bannerpedia.com\/","logo":{"@type":"ImageObject","inLanguage":"en-US","@id":"https:\/\/bannerpedia.com\/#\/schema\/logo\/image\/","url":"https:\/\/bannerpedia.com\/wp-content\/uploads\/2020\/05\/logo-banner-pedia-e1591752807397.png","contentUrl":"https:\/\/bannerpedia.com\/wp-content\/uploads\/2020\/05\/logo-banner-pedia-e1591752807397.png","width":150,"height":98,"caption":"Banner pedia"},"image":{"@id":"https:\/\/bannerpedia.com\/#\/schema\/logo\/image\/"}}]}},"_links":{"self":[{"href":"https:\/\/bannerpedia.com\/index.php\/wp-json\/wp\/v2\/pages\/5567","targetHints":{"allow":["GET"]}}],"collection":[{"href":"https:\/\/bannerpedia.com\/index.php\/wp-json\/wp\/v2\/pages"}],"about":[{"href":"https:\/\/bannerpedia.com\/index.php\/wp-json\/wp\/v2\/types\/page"}],"author":[{"embeddable":true,"href":"https:\/\/bannerpedia.com\/index.php\/wp-json\/wp\/v2\/users\/1"}],"replies":[{"embeddable":true,"href":"https:\/\/bannerpedia.com\/index.php\/wp-json\/wp\/v2\/comments?post=5567"}],"version-history":[{"count":90,"href":"https:\/\/bannerpedia.com\/index.php\/wp-json\/wp\/v2\/pages\/5567\/revisions"}],"predecessor-version":[{"id":6473,"href":"https:\/\/bannerpedia.com\/index.php\/wp-json\/wp\/v2\/pages\/5567\/revisions\/6473"}],"wp:attachment":[{"href":"https:\/\/bannerpedia.com\/index.php\/wp-json\/wp\/v2\/media?parent=5567"}],"curies":[{"name":"wp","href":"https:\/\/api.w.org\/{rel}","templated":true}]}}